{"id":502,"date":"2025-08-22T19:33:28","date_gmt":"2025-08-22T22:33:28","guid":{"rendered":"https:\/\/qtaltchepilchas.com\/?post_type=product&#038;p=502"},"modified":"2026-04-15T16:21:01","modified_gmt":"2026-04-15T19:21:01","slug":"bombacha-tradicional-buenaca","status":"publish","type":"product","link":"https:\/\/qtaltchepilchas.com\/?product=bombacha-tradicional-buenaca","title":{"rendered":"Bombacha Tradicional &#8211; Buena\u00e7a"},"content":{"rendered":"<p>Bombacha modelo tradicional de tecido alfaiataria, muito confort\u00e1vel e muitos recursos, marca Buena\u00e7a.<\/p>\n","protected":false},"excerpt":{"rendered":"<p>Bombacha Tradicional &#8211; Buena\u00e7a<\/p>\n","protected":false},"featured_media":503,"comment_status":"open","ping_status":"closed","template":"","meta":[],"product_brand":[],"product_cat":[33,24],"product_tag":[113,86,111,112,65,84],"class_list":{"0":"post-502","1":"product","2":"type-product","3":"status-publish","4":"has-post-thumbnail","6":"product_cat-bombachas","7":"product_cat-pilcha-masculina","8":"product_tag-alfaiataria","9":"product_tag-bombacha","10":"product_tag-buenaca","11":"product_tag-favo","12":"product_tag-tradicao-gaucha","13":"product_tag-tradicional","15":"first","16":"instock","17":"sold-individually","18":"shipping-taxable","19":"purchasable","20":"product-type-variable"},"_links":{"self":[{"href":"https:\/\/qtaltchepilchas.com\/index.php?rest_route=\/wp\/v2\/product\/502","targetHints":{"allow":["GET"]}}],"collection":[{"href":"https:\/\/qtaltchepilchas.com\/index.php?rest_route=\/wp\/v2\/product"}],"about":[{"href":"https:\/\/qtaltchepilchas.com\/index.php?rest_route=\/wp\/v2\/types\/product"}],"replies":[{"embeddable":true,"href":"https:\/\/qtaltchepilchas.com\/index.php?rest_route=%2Fwp%2Fv2%2Fcomments&post=502"}],"wp:featuredmedia":[{"embeddable":true,"href":"https:\/\/qtaltchepilchas.com\/index.php?rest_route=\/wp\/v2\/media\/503"}],"wp:attachment":[{"href":"https:\/\/qtaltchepilchas.com\/index.php?rest_route=%2Fwp%2Fv2%2Fmedia&parent=502"}],"wp:term":[{"taxonomy":"product_brand","embeddable":true,"href":"https:\/\/qtaltchepilchas.com\/index.php?rest_route=%2Fwp%2Fv2%2Fproduct_brand&post=502"},{"taxonomy":"product_cat","embeddable":true,"href":"https:\/\/qtaltchepilchas.com\/index.php?rest_route=%2Fwp%2Fv2%2Fproduct_cat&post=502"},{"taxonomy":"product_tag","embeddable":true,"href":"https:\/\/qtaltchepilchas.com\/index.php?rest_route=%2Fwp%2Fv2%2Fproduct_tag&post=502"}],"curies":[{"name":"wp","href":"https:\/\/api.w.org\/{rel}","templated":true}]}}