{"id":683,"date":"2025-09-09T15:24:11","date_gmt":"2025-09-09T18:24:11","guid":{"rendered":"https:\/\/qtaltchepilchas.com\/?post_type=product&#038;p=683"},"modified":"2025-12-04T12:08:32","modified_gmt":"2025-12-04T15:08:32","slug":"agenda-gaucha-2025","status":"publish","type":"product","link":"https:\/\/qtaltchepilchas.com\/?product=agenda-gaucha-2025","title":{"rendered":"AGENDA GA\u00daCHA 2025"},"content":{"rendered":"<p>Livro Agenda Ga\u00facha 2025, nesta edi\u00e7\u00e3o a hist\u00f3ria de 12 dan\u00e7as tradicionais folcl\u00f3ricas, com +33 itens de informa\u00e7\u00f5es s\u00f3cio. econ\u00f4mica, cultural e tur\u00edsticas do RS.<\/p>\n","protected":false},"excerpt":{"rendered":"<p>AGENDA GA\u00daCHA 2025<\/p>\n","protected":false},"featured_media":684,"comment_status":"open","ping_status":"closed","template":"","meta":[],"product_brand":[],"product_cat":[29],"product_tag":[],"class_list":{"0":"post-683","1":"product","2":"type-product","3":"status-publish","4":"has-post-thumbnail","6":"product_cat-literatura-musica","8":"first","9":"outofstock","10":"sale","11":"sold-individually","12":"shipping-taxable","13":"purchasable","14":"product-type-simple"},"_links":{"self":[{"href":"https:\/\/qtaltchepilchas.com\/index.php?rest_route=\/wp\/v2\/product\/683","targetHints":{"allow":["GET"]}}],"collection":[{"href":"https:\/\/qtaltchepilchas.com\/index.php?rest_route=\/wp\/v2\/product"}],"about":[{"href":"https:\/\/qtaltchepilchas.com\/index.php?rest_route=\/wp\/v2\/types\/product"}],"replies":[{"embeddable":true,"href":"https:\/\/qtaltchepilchas.com\/index.php?rest_route=%2Fwp%2Fv2%2Fcomments&post=683"}],"wp:featuredmedia":[{"embeddable":true,"href":"https:\/\/qtaltchepilchas.com\/index.php?rest_route=\/wp\/v2\/media\/684"}],"wp:attachment":[{"href":"https:\/\/qtaltchepilchas.com\/index.php?rest_route=%2Fwp%2Fv2%2Fmedia&parent=683"}],"wp:term":[{"taxonomy":"product_brand","embeddable":true,"href":"https:\/\/qtaltchepilchas.com\/index.php?rest_route=%2Fwp%2Fv2%2Fproduct_brand&post=683"},{"taxonomy":"product_cat","embeddable":true,"href":"https:\/\/qtaltchepilchas.com\/index.php?rest_route=%2Fwp%2Fv2%2Fproduct_cat&post=683"},{"taxonomy":"product_tag","embeddable":true,"href":"https:\/\/qtaltchepilchas.com\/index.php?rest_route=%2Fwp%2Fv2%2Fproduct_tag&post=683"}],"curies":[{"name":"wp","href":"https:\/\/api.w.org\/{rel}","templated":true}]}}